{"id":10673,"date":"2021-09-09T09:13:52","date_gmt":"2021-09-09T09:13:52","guid":{"rendered":"https:\/\/turismoarucas.com\/arucas-puerta-norte-episodio-09\/"},"modified":"2021-12-30T12:04:45","modified_gmt":"2021-12-30T12:04:45","slug":"arucas-puerta-norte-episode-09","status":"publish","type":"page","link":"https:\/\/turismoarucas.com\/en\/arucas-puerta-norte-episode-09\/","title":{"rendered":"Arucas Puerta Norte Episode 09"},"content":{"rendered":"","protected":false},"excerpt":{"rendered":"<p>Episodio 9 V\u00edctor: sacrificio y agricultura<br \/>\n #ArucasPuertaNorte<\/p>\n","protected":false},"author":1,"featured_media":10253,"parent":0,"menu_order":0,"comment_status":"closed","ping_status":"closed","template":"","meta":{"footnotes":""},"yoast_head":"<!-- This site is optimized with the Yoast SEO plugin v23.2 - https:\/\/yoast.com\/wordpress\/plugins\/seo\/ -->\n<title>Arucas Puerta Norte Episode 9 - V\u00edctor: sacrifice and agriculture.<\/title>\n<meta name=\"description\" content=\"V\u00edctor Vega started working at the Cooperativa Agr\u00edcola del Norte in 2010, when he was just 18 years old.\" \/>\n<meta name=\"robots\" content=\"index, follow, max-snippet:-1, max-image-preview:large, max-video-preview:-1\" \/>\n<link rel=\"canonical\" href=\"https:\/\/turismoarucas.com\/en\/arucas-puerta-norte-episode-09\/\" \/>\n<meta property=\"og:locale\" content=\"en_US\" \/>\n<meta property=\"og:type\" content=\"article\" \/>\n<meta property=\"og:title\" content=\"Arucas Puerta Norte Episodio 09\" \/>\n<meta property=\"og:description\" content=\"V\u00edctor Vega empez\u00f3 a trabajar en la Cooperativa Agr\u00edcola del Norte en 2010, cuando apenas contaba 18 a\u00f1os. Este joven, natural de Santa Mar\u00eda de Gu\u00eda, con ra\u00edces familiares en Arucas, ha encontrado en el sector primario un lugar donde desempe\u00f1ar una labor profesional muy necesaria para el sistema productivo de la isla.\" \/>\n<meta property=\"og:url\" content=\"https:\/\/turismoarucas.com\/en\/arucas-puerta-norte-episode-09\/\" \/>\n<meta property=\"og:site_name\" content=\"Arucas\" \/>\n<meta property=\"article:modified_time\" content=\"2021-12-30T12:04:45+00:00\" \/>\n<meta property=\"og:image\" content=\"https:\/\/turismoarucas.com\/wp-content\/uploads\/2021\/09\/arucas-puerta-norte-episodio09-e1631273752394.jpg\" \/>\n\t<meta property=\"og:image:width\" content=\"1100\" \/>\n\t<meta property=\"og:image:height\" content=\"619\" \/>\n\t<meta property=\"og:image:type\" content=\"image\/jpeg\" \/>\n<meta name=\"twitter:card\" content=\"summary_large_image\" \/>\n<meta name=\"twitter:title\" content=\"Arucas Puerta Norte Episodio 09\" \/>\n<meta name=\"twitter:description\" content=\"V\u00edctor Vega empez\u00f3 a trabajar en la Cooperativa Agr\u00edcola del Norte en 2010, cuando apenas contaba 18 a\u00f1os. Este joven, natural de Santa Mar\u00eda de Gu\u00eda, con ra\u00edces familiares en Arucas, ha encontrado en el sector primario un lugar donde desempe\u00f1ar una labor profesional muy necesaria para el sistema productivo de la isla.\" \/>\n<meta name=\"twitter:image\" content=\"https:\/\/turismoarucas.com\/wp-content\/uploads\/2021\/09\/arucas-puerta-norte-episodio09-e1631273752394.jpg\" \/>\n<script type=\"application\/ld+json\" class=\"yoast-schema-graph\">{\"@context\":\"https:\/\/schema.org\",\"@graph\":[{\"@type\":\"WebPage\",\"@id\":\"https:\/\/turismoarucas.com\/en\/arucas-puerta-norte-episode-09\/\",\"url\":\"https:\/\/turismoarucas.com\/en\/arucas-puerta-norte-episode-09\/\",\"name\":\"Arucas Puerta Norte Episode 9 - V\u00edctor: sacrifice and agriculture.\",\"isPartOf\":{\"@id\":\"https:\/\/turismoarucas.com\/#website\"},\"primaryImageOfPage\":{\"@id\":\"https:\/\/turismoarucas.com\/en\/arucas-puerta-norte-episode-09\/#primaryimage\"},\"image\":{\"@id\":\"https:\/\/turismoarucas.com\/en\/arucas-puerta-norte-episode-09\/#primaryimage\"},\"thumbnailUrl\":\"https:\/\/turismoarucas.com\/wp-content\/uploads\/2021\/09\/arucas-puerta-norte-episodio09-e1631273752394.jpg\",\"datePublished\":\"2021-09-09T09:13:52+00:00\",\"dateModified\":\"2021-12-30T12:04:45+00:00\",\"description\":\"V\u00edctor Vega started working at the Cooperativa Agr\u00edcola del Norte in 2010, when he was just 18 years old.\",\"breadcrumb\":{\"@id\":\"https:\/\/turismoarucas.com\/en\/arucas-puerta-norte-episode-09\/#breadcrumb\"},\"inLanguage\":\"en-US\",\"potentialAction\":[{\"@type\":\"ReadAction\",\"target\":[\"https:\/\/turismoarucas.com\/en\/arucas-puerta-norte-episode-09\/\"]}]},{\"@type\":\"ImageObject\",\"inLanguage\":\"en-US\",\"@id\":\"https:\/\/turismoarucas.com\/en\/arucas-puerta-norte-episode-09\/#primaryimage\",\"url\":\"https:\/\/turismoarucas.com\/wp-content\/uploads\/2021\/09\/arucas-puerta-norte-episodio09-e1631273752394.jpg\",\"contentUrl\":\"https:\/\/turismoarucas.com\/wp-content\/uploads\/2021\/09\/arucas-puerta-norte-episodio09-e1631273752394.jpg\",\"width\":1280,\"height\":720},{\"@type\":\"BreadcrumbList\",\"@id\":\"https:\/\/turismoarucas.com\/en\/arucas-puerta-norte-episode-09\/#breadcrumb\",\"itemListElement\":[{\"@type\":\"ListItem\",\"position\":1,\"name\":\"Portada\",\"item\":\"https:\/\/turismoarucas.com\/en\/\"},{\"@type\":\"ListItem\",\"position\":2,\"name\":\"Arucas Puerta Norte Episode 09\"}]},{\"@type\":\"WebSite\",\"@id\":\"https:\/\/turismoarucas.com\/#website\",\"url\":\"https:\/\/turismoarucas.com\/\",\"name\":\"Arucas\",\"description\":\"Portal Web Oficial de Turismo del Excmo. Ayuntamiento de Arucas\",\"publisher\":{\"@id\":\"https:\/\/turismoarucas.com\/#organization\"},\"potentialAction\":[{\"@type\":\"SearchAction\",\"target\":{\"@type\":\"EntryPoint\",\"urlTemplate\":\"https:\/\/turismoarucas.com\/?s={search_term_string}\"},\"query-input\":\"required name=search_term_string\"}],\"inLanguage\":\"en-US\"},{\"@type\":\"Organization\",\"@id\":\"https:\/\/turismoarucas.com\/#organization\",\"name\":\"Arucas\",\"url\":\"https:\/\/turismoarucas.com\/\",\"logo\":{\"@type\":\"ImageObject\",\"inLanguage\":\"en-US\",\"@id\":\"https:\/\/turismoarucas.com\/#\/schema\/logo\/image\/\",\"url\":\"https:\/\/turismoarucas.com\/wp-content\/uploads\/2021\/06\/Logo-Turismo-Arucas-Web-2.png\",\"contentUrl\":\"https:\/\/turismoarucas.com\/wp-content\/uploads\/2021\/06\/Logo-Turismo-Arucas-Web-2.png\",\"width\":5006,\"height\":1789,\"caption\":\"Arucas\"},\"image\":{\"@id\":\"https:\/\/turismoarucas.com\/#\/schema\/logo\/image\/\"}}]}<\/script>\n<!-- \/ Yoast SEO plugin. -->","yoast_head_json":{"title":"Arucas Puerta Norte Episode 9 - V\u00edctor: sacrifice and agriculture.","description":"V\u00edctor Vega started working at the Cooperativa Agr\u00edcola del Norte in 2010, when he was just 18 years old.","robots":{"index":"index","follow":"follow","max-snippet":"max-snippet:-1","max-image-preview":"max-image-preview:large","max-video-preview":"max-video-preview:-1"},"canonical":"https:\/\/turismoarucas.com\/en\/arucas-puerta-norte-episode-09\/","og_locale":"en_US","og_type":"article","og_title":"Arucas Puerta Norte Episodio 09","og_description":"V\u00edctor Vega empez\u00f3 a trabajar en la Cooperativa Agr\u00edcola del Norte en 2010, cuando apenas contaba 18 a\u00f1os. Este joven, natural de Santa Mar\u00eda de Gu\u00eda, con ra\u00edces familiares en Arucas, ha encontrado en el sector primario un lugar donde desempe\u00f1ar una labor profesional muy necesaria para el sistema productivo de la isla.","og_url":"https:\/\/turismoarucas.com\/en\/arucas-puerta-norte-episode-09\/","og_site_name":"Arucas","article_modified_time":"2021-12-30T12:04:45+00:00","og_image":[{"width":1100,"height":619,"url":"https:\/\/turismoarucas.com\/wp-content\/uploads\/2021\/09\/arucas-puerta-norte-episodio09-e1631273752394.jpg","type":"image\/jpeg"}],"twitter_card":"summary_large_image","twitter_title":"Arucas Puerta Norte Episodio 09","twitter_description":"V\u00edctor Vega empez\u00f3 a trabajar en la Cooperativa Agr\u00edcola del Norte en 2010, cuando apenas contaba 18 a\u00f1os. Este joven, natural de Santa Mar\u00eda de Gu\u00eda, con ra\u00edces familiares en Arucas, ha encontrado en el sector primario un lugar donde desempe\u00f1ar una labor profesional muy necesaria para el sistema productivo de la isla.","twitter_image":"https:\/\/turismoarucas.com\/wp-content\/uploads\/2021\/09\/arucas-puerta-norte-episodio09-e1631273752394.jpg","schema":{"@context":"https:\/\/schema.org","@graph":[{"@type":"WebPage","@id":"https:\/\/turismoarucas.com\/en\/arucas-puerta-norte-episode-09\/","url":"https:\/\/turismoarucas.com\/en\/arucas-puerta-norte-episode-09\/","name":"Arucas Puerta Norte Episode 9 - V\u00edctor: sacrifice and agriculture.","isPartOf":{"@id":"https:\/\/turismoarucas.com\/#website"},"primaryImageOfPage":{"@id":"https:\/\/turismoarucas.com\/en\/arucas-puerta-norte-episode-09\/#primaryimage"},"image":{"@id":"https:\/\/turismoarucas.com\/en\/arucas-puerta-norte-episode-09\/#primaryimage"},"thumbnailUrl":"https:\/\/turismoarucas.com\/wp-content\/uploads\/2021\/09\/arucas-puerta-norte-episodio09-e1631273752394.jpg","datePublished":"2021-09-09T09:13:52+00:00","dateModified":"2021-12-30T12:04:45+00:00","description":"V\u00edctor Vega started working at the Cooperativa Agr\u00edcola del Norte in 2010, when he was just 18 years old.","breadcrumb":{"@id":"https:\/\/turismoarucas.com\/en\/arucas-puerta-norte-episode-09\/#breadcrumb"},"inLanguage":"en-US","potentialAction":[{"@type":"ReadAction","target":["https:\/\/turismoarucas.com\/en\/arucas-puerta-norte-episode-09\/"]}]},{"@type":"ImageObject","inLanguage":"en-US","@id":"https:\/\/turismoarucas.com\/en\/arucas-puerta-norte-episode-09\/#primaryimage","url":"https:\/\/turismoarucas.com\/wp-content\/uploads\/2021\/09\/arucas-puerta-norte-episodio09-e1631273752394.jpg","contentUrl":"https:\/\/turismoarucas.com\/wp-content\/uploads\/2021\/09\/arucas-puerta-norte-episodio09-e1631273752394.jpg","width":1280,"height":720},{"@type":"BreadcrumbList","@id":"https:\/\/turismoarucas.com\/en\/arucas-puerta-norte-episode-09\/#breadcrumb","itemListElement":[{"@type":"ListItem","position":1,"name":"Portada","item":"https:\/\/turismoarucas.com\/en\/"},{"@type":"ListItem","position":2,"name":"Arucas Puerta Norte Episode 09"}]},{"@type":"WebSite","@id":"https:\/\/turismoarucas.com\/#website","url":"https:\/\/turismoarucas.com\/","name":"Arucas","description":"Portal Web Oficial de Turismo del Excmo. Ayuntamiento de Arucas","publisher":{"@id":"https:\/\/turismoarucas.com\/#organization"},"potentialAction":[{"@type":"SearchAction","target":{"@type":"EntryPoint","urlTemplate":"https:\/\/turismoarucas.com\/?s={search_term_string}"},"query-input":"required name=search_term_string"}],"inLanguage":"en-US"},{"@type":"Organization","@id":"https:\/\/turismoarucas.com\/#organization","name":"Arucas","url":"https:\/\/turismoarucas.com\/","logo":{"@type":"ImageObject","inLanguage":"en-US","@id":"https:\/\/turismoarucas.com\/#\/schema\/logo\/image\/","url":"https:\/\/turismoarucas.com\/wp-content\/uploads\/2021\/06\/Logo-Turismo-Arucas-Web-2.png","contentUrl":"https:\/\/turismoarucas.com\/wp-content\/uploads\/2021\/06\/Logo-Turismo-Arucas-Web-2.png","width":5006,"height":1789,"caption":"Arucas"},"image":{"@id":"https:\/\/turismoarucas.com\/#\/schema\/logo\/image\/"}}]}},"_links":{"self":[{"href":"https:\/\/turismoarucas.com\/en\/wp-json\/wp\/v2\/pages\/10673"}],"collection":[{"href":"https:\/\/turismoarucas.com\/en\/wp-json\/wp\/v2\/pages"}],"about":[{"href":"https:\/\/turismoarucas.com\/en\/wp-json\/wp\/v2\/types\/page"}],"author":[{"embeddable":true,"href":"https:\/\/turismoarucas.com\/en\/wp-json\/wp\/v2\/users\/1"}],"replies":[{"embeddable":true,"href":"https:\/\/turismoarucas.com\/en\/wp-json\/wp\/v2\/comments?post=10673"}],"version-history":[{"count":2,"href":"https:\/\/turismoarucas.com\/en\/wp-json\/wp\/v2\/pages\/10673\/revisions"}],"predecessor-version":[{"id":10715,"href":"https:\/\/turismoarucas.com\/en\/wp-json\/wp\/v2\/pages\/10673\/revisions\/10715"}],"wp:featuredmedia":[{"embeddable":true,"href":"https:\/\/turismoarucas.com\/en\/wp-json\/wp\/v2\/media\/10253"}],"wp:attachment":[{"href":"https:\/\/turismoarucas.com\/en\/wp-json\/wp\/v2\/media?parent=10673"}],"curies":[{"name":"wp","href":"https:\/\/api.w.org\/{rel}","templated":true}]}}

<p>Episodio 9 Víctor: sacrificio y agricultura<br />
 #ArucasPuertaNorte</p>

<!-- This site is optimized with the Yoast SEO plugin v23.2 - https://yoast.com/wordpress/plugins/seo/ -->
<title>Arucas Puerta Norte Episode 9 - Víctor: sacrifice and agriculture.</title>
<meta name="description" content="Víctor Vega started working at the Cooperativa Agrícola del Norte in 2010, when he was just 18 years old." />
<meta name="robots" content="index, follow, max-snippet:-1, max-image-preview:large, max-video-preview:-1" />
<link rel="canonical" href="https://turismoarucas.com/en/arucas-puerta-norte-episode-09/" />
<meta property="og:locale" content="en_US" />
<meta property="og:type" content="article" />
<meta property="og:title" content="Arucas Puerta Norte Episodio 09" />
<meta property="og:description" content="Víctor Vega empezó a trabajar en la Cooperativa Agrícola del Norte en 2010, cuando apenas contaba 18 años. Este joven, natural de Santa María de Guía, con raíces familiares en Arucas, ha encontrado en el sector primario un lugar donde desempeñar una labor profesional muy necesaria para el sistema productivo de la isla." />
<meta property="og:url" content="https://turismoarucas.com/en/arucas-puerta-norte-episode-09/" />
<meta property="og:site_name" content="Arucas" />
<meta property="article:modified_time" content="2021-12-30T12:04:45+00:00" />
<meta property="og:image" content="https://turismoarucas.com/wp-content/uploads/2021/09/arucas-puerta-norte-episodio09-e1631273752394.jpg" />
	<meta property="og:image:width" content="1100" />
	<meta property="og:image:height" content="619" />
	<meta property="og:image:type" content="image/jpeg" />
<meta name="twitter:card" content="summary_large_image" />
<meta name="twitter:title" content="Arucas Puerta Norte Episodio 09" />
<meta name="twitter:description" content="Víctor Vega empezó a trabajar en la Cooperativa Agrícola del Norte en 2010, cuando apenas contaba 18 años. Este joven, natural de Santa María de Guía, con raíces familiares en Arucas, ha encontrado en el sector primario un lugar donde desempeñar una labor profesional muy necesaria para el sistema productivo de la isla." />
<meta name="twitter:image" content="https://turismoarucas.com/wp-content/uploads/2021/09/arucas-puerta-norte-episodio09-e1631273752394.jpg" />
<script type="application/ld+json" class="yoast-schema-graph">{"@context":"https://schema.org","@graph":[{"@type":"WebPage","@id":"https://turismoarucas.com/en/arucas-puerta-norte-episode-09/","url":"https://turismoarucas.com/en/arucas-puerta-norte-episode-09/","name":"Arucas Puerta Norte Episode 9 - Víctor: sacrifice and agriculture.","isPartOf":{"@id":"https://turismoarucas.com/#website"},"primaryImageOfPage":{"@id":"https://turismoarucas.com/en/arucas-puerta-norte-episode-09/#primaryimage"},"image":{"@id":"https://turismoarucas.com/en/arucas-puerta-norte-episode-09/#primaryimage"},"thumbnailUrl":"https://turismoarucas.com/wp-content/uploads/2021/09/arucas-puerta-norte-episodio09-e1631273752394.jpg","datePublished":"2021-09-09T09:13:52+00:00","dateModified":"2021-12-30T12:04:45+00:00","description":"Víctor Vega started working at the Cooperativa Agrícola del Norte in 2010, when he was just 18 years old.","breadcrumb":{"@id":"https://turismoarucas.com/en/arucas-puerta-norte-episode-09/#breadcrumb"},"inLanguage":"en-US","potentialAction":[{"@type":"ReadAction","target":["https://turismoarucas.com/en/arucas-puerta-norte-episode-09/"]}]},{"@type":"ImageObject","inLanguage":"en-US","@id":"https://turismoarucas.com/en/arucas-puerta-norte-episode-09/#primaryimage","url":"https://turismoarucas.com/wp-content/uploads/2021/09/arucas-puerta-norte-episodio09-e1631273752394.jpg","contentUrl":"https://turismoarucas.com/wp-content/uploads/2021/09/arucas-puerta-norte-episodio09-e1631273752394.jpg","width":1280,"height":720},{"@type":"BreadcrumbList","@id":"https://turismoarucas.com/en/arucas-puerta-norte-episode-09/#breadcrumb","itemListElement":[{"@type":"ListItem","position":1,"name":"Portada","item":"https://turismoarucas.com/en/"},{"@type":"ListItem","position":2,"name":"Arucas Puerta Norte Episode 09"}]},{"@type":"WebSite","@id":"https://turismoarucas.com/#website","url":"https://turismoarucas.com/","name":"Arucas","description":"Portal Web Oficial de Turismo del Excmo. Ayuntamiento de Arucas","publisher":{"@id":"https://turismoarucas.com/#organization"},"potentialAction":[{"@type":"SearchAction","target":{"@type":"EntryPoint","urlTemplate":"https://turismoarucas.com/?s={search_term_string}"},"query-input":"required name=search_term_string"}],"inLanguage":"en-US"},{"@type":"Organization","@id":"https://turismoarucas.com/#organization","name":"Arucas","url":"https://turismoarucas.com/","logo":{"@type":"ImageObject","inLanguage":"en-US","@id":"https://turismoarucas.com/#/schema/logo/image/","url":"https://turismoarucas.com/wp-content/uploads/2021/06/Logo-Turismo-Arucas-Web-2.png","contentUrl":"https://turismoarucas.com/wp-content/uploads/2021/06/Logo-Turismo-Arucas-Web-2.png","width":5006,"height":1789,"caption":"Arucas"},"image":{"@id":"https://turismoarucas.com/#/schema/logo/image/"}}]}</script>
<!-- / Yoast SEO plugin. -->

Arucas Puerta Norte Episode 9 - Víctor: sacrifice and agriculture.

Víctor Vega started working at the Cooperativa Agrícola del Norte in 2010, when he was just 18 years old.

Víctor Vega empezó a trabajar en la Cooperativa Agrícola del Norte en 2010, cuando apenas contaba 18 años. Este joven, natural de Santa María de Guía, con raíces familiares en Arucas, ha encontrado en el sector primario un lugar donde desempeñar una labor profesional muy necesaria para el sistema productivo de la isla.
